l(t)?
2, 3, 43
Suppose 0 = 2*o + 8 - 0, -264 = -3*v + 3*o. Suppose 81*b - v*b + 2790 = 0. List the prime factors of b.
2, 3, 5, 31
Let y(t) = -t**2 - 59*t + 78. What are the prime factors of y(-27)?
2, 3, 157
Suppose -14355 = -16*k + 101533. What are the prime factors of k?
7243
Suppose -3*u - 4*p = -43154, 0 = 2*p - 59 + 73. What are the prime factors of u?
2, 3, 2399
Suppose 2*i + 4*b = 8, 2*b = -4*i - 2*b + 20. Let a be (2 + -1)*(-1)/((-2)/i). Suppose -a*r = -0*r - 795. What are the prime factors of r?
5, 53
Let h(g) = -3*g**3 - 126*g**2 + 63*g + 35. List the prime factors of h(-43).
13, 17
Suppose -30*c = -29843 + 6443. List the prime factors of c.
2, 3, 5, 13
Suppose -37105 = -6*s + 4799. What are the prime factors of s?
2, 3, 97
Let z(b) = b**3 - 11*b**2 - 13*b + 15. Let p be z(12). Suppose 0*r = p*r + l - 7, -2*r = 3*l. Suppose -575 = -8*h + r*h. What are the prime factors of h?
5, 23
Suppose 0 = 4*f + 2*h + 2156 - 47260, 5*f - 5*h = 56425. List the prime factors of f.
11279
Suppose -528*s + 56016 = -530*s. List the prime factors of 1/(-5) - s/90.
311
Suppose -2*z + 11*k + 2465 + 46403 = 0, 0 = z + k - 24473. What are the prime factors of z?
43, 569
Let b(s) = -79*s**2 + 3*s - 2*s - 5 + 4*s. Let c be b(1). Let p = 102 + c. What are the prime factors of p?
23
Let y(b) = 165*b + 39. Let a be y(5). Let c = 1265 - a. List the prime factors of c.
401
Suppose -29*a + 31 + 143 = 0. Let z(m) be the third derivative of m**5/60 - m**4/4 + 3*m**3/2 + 2*m**2. What are the prime factors of z(a)?
3
Suppose 3*u = -s - 515 - 378, -u = 4*s + 3539. Let n = -349 - s. What are the prime factors of n?
5, 107
Let l(g) = 20*g**2 - 55*g - 5. Let t(f) = 7*f**2 - 18*f - 2. Let r(x) = -2*l(x) + 7*t(x). What are the prime factors of r(9)?
7, 83
Let d(r) = -4*r - 11. Let g be d(-4). Suppose 71 = g*a - 44. Suppose 9 = -2*s + a. What are the prime factors of s?
7
Suppose 11*l - 61529 = 63596. What are the prime factors of l?
5, 7, 13
Suppose 2*c = -0*c + 6. Let t(n) = 2*n**3 - 4*n**2 + 9*n - 12. Let b be t(6). Suppose c*h - 2*s = b, h + 4*s - 86 = 10. List the prime factors of h.
2, 3
Let w be 60/75*10/4. Let a be (w/5)/(19/(-10) + 2). Suppose a*x - 28 = 16. What are the prime factors of x?
11
Let m(s) = 16699*s**2 + 12*s - 10. What are the prime factors of m(1)?
3, 19, 293
Suppose 137*q - 127*q - 2420 = 0. What are the prime factors of 323/(-76)*(2 + q)/(-1)?
17, 61
Suppose 165*x + 89*x - 1207262 = 0. What are the prime factors of x?
7, 97
Let y(z) = 36 - 19 + 11*z**2 - 3 + z**3 + 20*z. Let r be y(-9). What are the prime factors of (-6 + (-525)/12)*(r + 0)?
199
Suppose -4*i = 5*y + 198, 16*i - 4*y - 148 = 19*i. Let z(s) = -s**3 + 9*s**2 - 2*s + 3. Let m be z(7). Let r = i + m. What are the prime factors of r?
5, 7
Suppose 0 = j - 4*i - 10870, 15*i - 18*i + 43385 = 4*j. What are the prime factors of j?
2, 5, 7, 31
Let a(v) = v**2 - 23*v + 22. Let t be (-18)/4*(6 + -4). What are the prime factors of a(t)?
2, 5, 31
Let q = 12 - 10. List the prime factors of q - -498 - -3 - 3.
2, 5
Suppose 52*a - 48*a = 3*n + 135926, -5*n = 5*a - 169890. List the prime factors of a.
2, 5, 1699
Suppose 2*s + 12 - 18 = 0. Suppose 4*o + n - 92 - 1566 = 0, -1244 = -s*o - n. What are the prime factors of o?
2, 3, 23
Suppose 0 = 81*o - 76*o - 7375. Suppose 4*h = 4*z + 1856, 4*z = -3*h - 118 + o. Suppose 10*r - 7*r = -3*x + h, 5*r + 10 = 0. What are the prime factors of x?
5, 31
Suppose 3*k = 4*c - 0*k + 1036, k = 3*c + 777. Let g = -218 - c. List the prime factors of g.
41
Suppose -135*b - 166*b + 2333106 = -74*b. List the prime factors of b.
2, 3, 571
Suppose -4*o + 9 = -3*z - 36, -o + 5*z = -24. Let k(p) = 25*p**2 + 14*p + 6. Let f be k(4). Suppose 12*s - f = o*s. List the prime factors of s.
2, 7, 11
Let r = 22 - -79. Suppose i + 36 = r. What are the prime factors of i + (5 - 9) - (1 + -1)?
61
What are the prime factors of ((-27776)/(-12)*225/60)/(-1 - -2)?
2, 5, 7, 31
Suppose -4*s - 6 + 19 = 3*v, 0 = -4*v + 12. Let z(a) = 366*a + 6. What are the prime factors of z(s)?
2, 3, 31
Suppose -5*o - 1 = -6. What are the prime factors of -353*(-1 - (-2)/o)*-1?
353
Let q be 6/2 - (-1 + (-15348)/4). Suppose 20*a - q = 819. What are the prime factors of a?
233
Suppose -g + 20 = 4*q, -5 = -5*q - 4*g + 31. Let n = 417 - q. List the prime factors of n.
7, 59
Let v be ((-16)/10)/(2*6/(-90)). Let k = 419 - v. List the prime factors of k.
11, 37
Let l(v) = -19*v**3 - v**2 - 3. Let i be l(-2). Let f = i - 79. Let g = f + -16. List the prime factors of g.
2, 5
Suppose -17 = q - 4*l, 0*q + 1 = -3*q + 2*l. Suppose -24*h + 4104 = -20*h - 3*a, -3079 = -q*h + 2*a. What are the prime factors of h?
3, 7
Let j(x) = -x**3 + 15*x**2 + 177*x - 1964. List the prime factors of j(12).
2, 37
Let n = 38110 - 25968. List the prime factors of n.
2, 13, 467
Suppose 0 = 13*y + 38 + 1. Let l = 2 - y. Suppose 4*q = -l*q + 1215. What are the prime factors of q?
3, 5
Let w = 1130 - -19. Suppose -502*h + 501*h = -w. List the prime factors of h.
3, 383
Suppose -13*c + 532581 - 319516 + 595574 = 0. What are the prime factors of c?
17, 3659
Suppose 280*x - 233394 = 274*x. What are the prime factors of x?
7, 5557
Let u = 27 + -12. Suppose 12*y - 3 = u*y. List the prime factors of (8/(-32))/(y/172).
43
Let k(o) = -7*o**3 - 5*o**2 - 82*o - 536. What are the prime factors of k(-7)?
2, 1097
Suppose -4*c = i - 5560, 5*i - 27818 = -8*c + 6*c. What are the prime factors of i?
2, 13, 107
Suppose 6440 = -v - 6*v. Let z = -591 - v. What are the prime factors of (-4)/12*(-4 - z)?
3, 37
Let b = -59 + 35. Let m be 7/((-42)/b) + 2/2. Suppose -n + 221 = m*u, -u + 0*u + n + 43 = 0. List the prime factors of u.
2, 11
Let v = -689 - -393. List the prime factors of 0 - (-1 + v + 3).
2, 3, 7
Let k(v) = -393*v + 837. List the prime factors of k(-10).
3, 7, 227
Suppose 4*m + 22 = -3*r, 25*m - 6 = 28*m - 3*r. Let y(n) = -4*n**3 + 7*n**2 + 10*n + 5. What are the prime factors of y(m)?
3, 37
What are the prime factors of -52 - -10268 - (-2 - 2)?
2, 5, 7, 73
Let c(j) = 116*j**2 + 14*j - 252. List the prime factors of c(10).
2, 359
Suppose -3*l - 16 = 1400. Let t = -457 - l. What are the prime factors of t?
3, 5
Suppose -2*w - 107545 = -3*u - 4402, 0 = -2*u - 5*w + 68724. List the prime factors of u.
3, 7, 1637
Let a(d) = -8*d**3 + 609*d**2 + 79*d - 184. List the prime factors of a(76).
2, 13, 223
Suppose -1510*b = -1506*b + u - 148431, b + 5*u = 37122. List the prime factors of b.
3, 7, 19, 31
Suppose 6*j - 1734 = 1434. Let c = j + -244. List the prime factors of 2 - c/(-4)*1.
73
Let v(x) = -x**2 - 2*x - 7. Suppose f - 4 = 2*l + 4, -16 = 4*l + f. Let i be v(l). List the prime factors of (-2022)/i + (-5)/(-25).
3, 5
Let i be ((-4821)/2 - 5)/((-2)/4). Suppose i = 13*u + 827. Suppose 16*v - 18*v + u = 0. What are the prime factors of v?
2, 7, 11
Suppose 6*d = -35*d + 451. Suppose 2780 = d*n - 586. List the prime factors of n.
2, 3, 17
Suppose 50*p + 12*p - 396738 = 0. What are the prime factors of p?
3, 79
Let s(l) = 157*l**2 + 260*l - 243. What are the prime factors of s(15)?
2, 3, 73, 89
What are the prime factors of -20 - (31 - 33009) - (0 - -4)?
2, 16477
Suppose -f - f = -18030. Suppose 21*n = 6*n + f. What are the prime factors of n?
601
Let q(b) be the second derivative of b**5/20 + b**4/2 - 7*b**3/3 + 2*b**2 + 9*b. Let x be q(-8). List the prime factors of -1 + (-818)/x + 19/(-114).
67
Let l = 19551 - 7534. What are the prime factors of l?
61, 197
List the prime factors of 0 - -9804 - -8 - 13.
41, 239
Suppose -4*q = -4*f - 60304, 16*f - 11*f = -2*q + 30194. List the prime factors of q.
2, 7541
Let w(j) = -49*j + 44. Let l(y) be the second derivative of -8*y**3/3 + 7*y**2 + 6*y. Let z(g) = -7*l(g) + 2*w(g). What are the prime factors of z(3)?
2
Suppose -3*p - 968 = -4187. Suppose -3*d = -p - 610. List the prime factors of d.
3, 11, 17
Let r(n) = 3*n**2 - 21*n - 63. List the prime factors of r(41).
3, 1373
Suppose -3820*f - 238 = -3827*f. What are the prime factors of f?
2, 17
Let p = -315 + 320. Suppose p*w - 25 = 0, 0*z = -4*z - 2*w + 2246. What are the prime factors of z?
13, 43
Let t(x) = 2*x**3 + 3*x**2 + 3*x. Let m be t(-2). Let z = -323 - 313. What are the prime factors of z/m + (-6)/(-15)?
2
Let u be 3*(-20)/(-12) + 0. Suppose 7*p - 30 = u. Suppos